{"id":218,"date":"2013-06-03T20:19:11","date_gmt":"2013-06-03T19:19:11","guid":{"rendered":"http:\/\/www.praeventio-ev.de\/?page_id=218"},"modified":"2024-03-22T12:50:34","modified_gmt":"2024-03-22T11:50:34","slug":"impressum","status":"publish","type":"page","link":"https:\/\/www.praeventio-ev.de\/?page_id=218","title":{"rendered":"Impressum"},"content":{"rendered":"<p><b>Pr\u00e4ventio e.V.<\/b><br \/>\nVerein f\u00fcr ganzheitliche Gesundheitsf\u00f6rderung und Rehabilitationssport\u00a0 e.V.<\/p>\n<p>Kiliansweg 7<br \/>\n32108 Bad Salzuflen<\/p>\n<p>Tel.: 052 22 \/ 962 965 92<\/p>\n<p>E-Mail: <a href=\"mailto:kontakt@praeventio-ev.de\">kontakt@praeventio-ev.de<\/a><\/p>\n<p><strong>Unser B\u00fcro ist mittwochs von 10 bis 12 Uhr besetzt!<\/strong><\/p>\n<h3>Vorstand:<\/h3>\n<p>1. Vorsitzender: Dr. med. Eckhard Schreiber-Weber<br \/>\n2. Vorsitzender: Arnd K\u00f6ster (Sportlehrer)<br \/>\nSchatzmeisterin: Hilde Kohl (Sportlehrerin)<br \/>\nQualit\u00e4tssicherung: Dr. rer.soc. Astrid Libuda-K\u00f6ster<\/p>\n<p>Schriftf\u00fchrerin: Beate M\u00fcller<br \/>\nReha-Sport: Brigitte L\u00fckewille<\/p>\n<h3>Webseite:<\/h3>\n<p>Die Bilder und Inhalte auf <a href=\"http:\/\/www.praeventio-ev.de\">www.praeventio-ev.de<\/a> unterliegen dem Urheberrecht und d\u00fcrfen ohne Genehmigung nicht kopiert oder anderweitig benutzt werden.<\/p>\n","protected":false},"excerpt":{"rendered":"<p>Pr\u00e4ventio e.V. Verein f\u00fcr ganzheitliche Gesundheitsf\u00f6rderung und Rehabilitationssport\u00a0 e.V. Kiliansweg 7 32108 Bad Salzuflen Tel.: 052 22 \/ 962 965 92 E-Mail: kontakt@praeventio-ev.de Unser B\u00fcro ist mittwochs von 10 bis 12 Uhr besetzt! Vorstand: 1. Vorsitzender: Dr. med. Eckhard Schreiber-Weber 2. Vorsitzender: Arnd K\u00f6ster (Sportlehrer) Schatzmeisterin: Hilde Kohl (Sportlehrerin) Qualit\u00e4tssicherung: [&hellip;]<\/p>\n","protected":false},"author":1,"featured_media":0,"parent":0,"menu_order":11,"comment_status":"closed","ping_status":"open","template":"","meta":{"footnotes":""},"class_list":["post-218","page","type-page","status-publish","hentry"],"_links":{"self":[{"href":"https:\/\/www.praeventio-ev.de\/index.php?rest_route=\/wp\/v2\/pages\/218","targetHints":{"allow":["GET"]}}],"collection":[{"href":"https:\/\/www.praeventio-ev.de\/index.php?rest_route=\/wp\/v2\/pages"}],"about":[{"href":"https:\/\/www.praeventio-ev.de\/index.php?rest_route=\/wp\/v2\/types\/page"}],"author":[{"embeddable":true,"href":"https:\/\/www.praeventio-ev.de\/index.php?rest_route=\/wp\/v2\/users\/1"}],"replies":[{"embeddable":true,"href":"https:\/\/www.praeventio-ev.de\/index.php?rest_route=%2Fwp%2Fv2%2Fcomments&post=218"}],"version-history":[{"count":24,"href":"https:\/\/www.praeventio-ev.de\/index.php?rest_route=\/wp\/v2\/pages\/218\/revisions"}],"predecessor-version":[{"id":3727,"href":"https:\/\/www.praeventio-ev.de\/index.php?rest_route=\/wp\/v2\/pages\/218\/revisions\/3727"}],"wp:attachment":[{"href":"https:\/\/www.praeventio-ev.de\/index.php?rest_route=%2Fwp%2Fv2%2Fmedia&parent=218"}],"curies":[{"name":"wp","href":"https:\/\/api.w.org\/{rel}","templated":true}]}}