{"id":2739,"date":"2020-09-08T15:36:15","date_gmt":"2020-09-08T14:36:15","guid":{"rendered":"http:\/\/alt.praeventio-ev.de\/?page_id=2739"},"modified":"2021-12-13T16:33:43","modified_gmt":"2021-12-13T15:33:43","slug":"informationen-zum-coronavirus","status":"publish","type":"page","link":"https:\/\/www.praeventio-ev.de\/?page_id=2739","title":{"rendered":"Pr\u00e4ventio in Zeiten der Corona-Pandemie \u2013 wir schauen nach vorne!"},"content":{"rendered":"<p>Liebe Pr\u00e4ventio-Mitglieder, liebe Kursteilnehmerinnen und Kursteilnehmer,<\/p>\n<p>im April haben wir geschrieben, dass wir uns in einer au\u00dfergew\u00f6hnlichen Situation befinden. Das hat sich nicht ge\u00e4ndert. Unser berufliches und privates Leben ist ein anderes, unser Vereins- und Kursleben ruht. Aber die Situation ist nicht mehr neu. An manches haben wir uns gew\u00f6hnt, viele Einschr\u00e4nkungen belasten uns jedoch. Der Wegfall der Reha-Sportgruppe ist ein nachhaltiger Einschnitt. Prof. Christoph Breuer von der Sporthochschule K\u00f6ln hat die Sportvereine zu Recht als \u201estabilisierendes Element der Gesellschaft\u201c bezeichnet\u201c.<\/p>\n<p>Aber wir schauen nach vorn. Wie deutlich sichtbar geworden ist, haben wir die Zeit genutzt, um unsere Internetseite v\u00f6llig neu zu gestaltet. Wir haben intensive Beratungen hinter uns. Ganz herzlichen Dank an Steffi Gronau und Jens Leuschner, die mit Ihren Fachkenntnisse<em>n<\/em> und gro\u00dfem Engagement die neue Internetseite geschaffen haben!<\/p>\n<p>Die Gesch\u00e4ftsstelle arbeitet, der Vorstand ber\u00e4t sich regelm\u00e4\u00dfig und auch unsere \u00dcbungsleiter* innen bleiben zuverl\u00e4ssig bei der Stange. Noch ist Reha-Sport nicht erlaubt. Wir informieren uns aber genau, bekommen von den zust\u00e4ndigen Verb\u00e4nden regelm\u00e4\u00dfig Informationen und profitieren von den direkten Verbindungen von Arnd K\u00f6ster zum BRSNW.<\/p>\n<p>So sind wir f\u00fcr einen Neustart gut vorbereitet und k\u00f6nnen mit neuen Kursstrukturen und gro\u00dfem Elan wieder starten. Es ist nur eine Frage der Zeit. Die Einschr\u00e4nkungen werden nicht ewig dauern. Unabh\u00e4ngig davon, wie erfolgreich das Impfen wird, werden wir Formen finden, mit dem Virus zu leben.<\/p>\n<p>Die Empfehlungen in unserem Brief vom April, wie wir unser Immunsystem st\u00e4rken k\u00f6nnen, gelten immer noch: Soziale Kontakte auf verschiedenen Ebenen pflegen, die Vorteile der Entschleunigung nutzen, Hobbys pflegen, Kneipp\u2019sche Anwendungen, wie das einfache Wechselduschen und nat\u00fcrlich lustvolle Bewegung zu Hause und in der Natur. Pflanzliche Heilmittel und eine gute Ern\u00e4hrung geh\u00f6ren auch dazu. Siehe dazu und zu der Bedeutung des Reha-Sports auch das <a href=\"https:\/\/www.lz.de\/lippe\/bad_salzuflen\/22947987_Salzufler-Mediziner-sagt-Geht-raus-und-bewegt-euch.html\">Interview mit Eckhard Schreiber-Weber in der Lippischen Landeszeitung<\/a>. Unser Motto wird immer wieder sichtbar und daran halten wir fest: Gesundheit macht Spa\u00df!<\/p>\n<p>Wir hoffen, dass Sie alle M\u00f6glichkeiten nutzen und einen m\u00f6glichst guten Wege durch die derzeitige Situation finden. Bis bald \u2013 in unseren Kursen und beim pers\u00f6nlichen Zusammensein!<\/p>\n<p>Herzlichst<\/p>\n<p>Dr. Eckhard Schreiber- Weber\u00a0\u00a0\u00a0\u00a0\u00a0\u00a0\u00a0\u00a0\u00a0\u00a0\u00a0\u00a0\u00a0\u00a0\u00a0\u00a0\u00a0\u00a0\u00a0\u00a0\u00a0\u00a0\u00a0\u00a0\u00a0\u00a0\u00a0\u00a0\u00a0\u00a0\u00a0\u00a0\u00a0\u00a0\u00a0\u00a0\u00a0\u00a0\u00a0\u00a0\u00a0\u00a0\u00a0\u00a0\u00a0\u00a0\u00a0\u00a0\u00a0\u00a0\u00a0\u00a0\u00a0\u00a0\u00a0\u00a0\u00a0\u00a0\u00a0 Arnd K\u00f6ster<br \/>\nErster Vorsitzender\u00a0\u00a0\u00a0\u00a0\u00a0\u00a0\u00a0\u00a0\u00a0\u00a0\u00a0\u00a0\u00a0\u00a0\u00a0\u00a0\u00a0\u00a0\u00a0\u00a0\u00a0\u00a0\u00a0\u00a0\u00a0\u00a0\u00a0\u00a0\u00a0\u00a0\u00a0\u00a0\u00a0\u00a0\u00a0\u00a0\u00a0\u00a0\u00a0\u00a0\u00a0\u00a0\u00a0\u00a0\u00a0\u00a0\u00a0\u00a0\u00a0\u00a0\u00a0\u00a0\u00a0\u00a0\u00a0\u00a0\u00a0\u00a0\u00a0\u00a0\u00a0\u00a0\u00a0\u00a0\u00a0\u00a0\u00a0\u00a0\u00a0\u00a0\u00a0\u00a0\u00a0\u00a0\u00a0\u00a0\u00a0 Zweiter Vorsitzender<\/p>\n","protected":false},"excerpt":{"rendered":"<p>Liebe Pr\u00e4ventio-Mitglieder, liebe Kursteilnehmerinnen und Kursteilnehmer, im April haben wir geschrieben, dass wir uns in einer au\u00dfergew\u00f6hnlichen Situation befinden. Das hat sich nicht ge\u00e4ndert. Unser berufliches und privates Leben ist ein anderes, unser Vereins- und Kursleben ruht. Aber die Situation ist nicht mehr neu. An manches haben wir uns gew\u00f6hnt, [&hellip;]<\/p>\n","protected":false},"author":1,"featured_media":0,"parent":3499,"menu_order":1,"comment_status":"closed","ping_status":"closed","template":"","meta":{"footnotes":""},"class_list":["post-2739","page","type-page","status-publish","hentry"],"_links":{"self":[{"href":"https:\/\/www.praeventio-ev.de\/index.php?rest_route=\/wp\/v2\/pages\/2739","targetHints":{"allow":["GET"]}}],"collection":[{"href":"https:\/\/www.praeventio-ev.de\/index.php?rest_route=\/wp\/v2\/pages"}],"about":[{"href":"https:\/\/www.praeventio-ev.de\/index.php?rest_route=\/wp\/v2\/types\/page"}],"author":[{"embeddable":true,"href":"https:\/\/www.praeventio-ev.de\/index.php?rest_route=\/wp\/v2\/users\/1"}],"replies":[{"embeddable":true,"href":"https:\/\/www.praeventio-ev.de\/index.php?rest_route=%2Fwp%2Fv2%2Fcomments&post=2739"}],"version-history":[{"count":7,"href":"https:\/\/www.praeventio-ev.de\/index.php?rest_route=\/wp\/v2\/pages\/2739\/revisions"}],"predecessor-version":[{"id":3342,"href":"https:\/\/www.praeventio-ev.de\/index.php?rest_route=\/wp\/v2\/pages\/2739\/revisions\/3342"}],"up":[{"embeddable":true,"href":"https:\/\/www.praeventio-ev.de\/index.php?rest_route=\/wp\/v2\/pages\/3499"}],"wp:attachment":[{"href":"https:\/\/www.praeventio-ev.de\/index.php?rest_route=%2Fwp%2Fv2%2Fmedia&parent=2739"}],"curies":[{"name":"wp","href":"https:\/\/api.w.org\/{rel}","templated":true}]}}

Präventio in Zeiten der Corona-Pandemie – wir schauen nach vorne!

<p>Liebe Präventio-Mitglieder, liebe Kursteilnehmerinnen und Kursteilnehmer,</p>
<p>im April haben wir geschrieben, dass wir uns in einer außergewöhnlichen Situation befinden. Das hat sich nicht geändert. Unser berufliches und privates Leben ist ein anderes, unser Vereins- und Kursleben ruht. Aber die Situation ist nicht mehr neu. An manches haben wir uns gewöhnt, viele Einschränkungen belasten uns jedoch. Der Wegfall der Reha-Sportgruppe ist ein nachhaltiger Einschnitt. Prof. Christoph Breuer von der Sporthochschule Köln hat die Sportvereine zu Recht als „stabilisierendes Element der Gesellschaft“ bezeichnet“.</p>
<p>Aber wir schauen nach vorn. Wie deutlich sichtbar geworden ist, haben wir die Zeit genutzt, um unsere Internetseite völlig neu zu gestaltet. Wir haben intensive Beratungen hinter uns. Ganz herzlichen Dank an Steffi Gronau und Jens Leuschner, die mit Ihren Fachkenntnisse<em>n</em> und großem Engagement die neue Internetseite geschaffen haben!</p>
<p>Die Geschäftsstelle arbeitet, der Vorstand berät sich regelmäßig und auch unsere Übungsleiter* innen bleiben zuverlässig bei der Stange. Noch ist Reha-Sport nicht erlaubt. Wir informieren uns aber genau, bekommen von den zuständigen Verbänden regelmäßig Informationen und profitieren von den direkten Verbindungen von Arnd Köster zum BRSNW.</p>
<p>So sind wir für einen Neustart gut vorbereitet und können mit neuen Kursstrukturen und großem Elan wieder starten. Es ist nur eine Frage der Zeit. Die Einschränkungen werden nicht ewig dauern. Unabhängig davon, wie erfolgreich das Impfen wird, werden wir Formen finden, mit dem Virus zu leben.</p>
<p>Die Empfehlungen in unserem Brief vom April, wie wir unser Immunsystem stärken können, gelten immer noch: Soziale Kontakte auf verschiedenen Ebenen pflegen, die Vorteile der Entschleunigung nutzen, Hobbys pflegen, Kneipp’sche Anwendungen, wie das einfache Wechselduschen und natürlich lustvolle Bewegung zu Hause und in der Natur. Pflanzliche Heilmittel und eine gute Ernährung gehören auch dazu. Siehe dazu und zu der Bedeutung des Reha-Sports auch das <a href="https://www.lz.de/lippe/bad_salzuflen/22947987_Salzufler-Mediziner-sagt-Geht-raus-und-bewegt-euch.html">Interview mit Eckhard Schreiber-Weber in der Lippischen Landeszeitung</a>. Unser Motto wird immer wieder sichtbar und daran halten wir fest: Gesundheit macht Spaß!</p>
<p>Wir hoffen, dass Sie alle Möglichkeiten nutzen und einen möglichst guten Wege durch die derzeitige Situation finden. Bis bald – in unseren Kursen und beim persönlichen Zusammensein!</p>
<p>Herzlichst</p>
<p>Dr. Eckhard Schreiber- Weber                                                            Arnd Köster<br />
Erster Vorsitzender                                                                              Zweiter Vorsitzender</p>

<p>Liebe Präventio-Mitglieder, liebe Kursteilnehmerinnen und Kursteilnehmer, im April haben wir geschrieben, dass wir uns in einer außergewöhnlichen Situation befinden. Das hat sich nicht geändert. Unser berufliches und privates Leben ist ein anderes, unser Vereins- und Kursleben ruht. Aber die Situation ist nicht mehr neu. An manches haben wir uns gewöhnt, [&hellip;]</p>
