{"id":3499,"date":"2021-12-13T16:26:56","date_gmt":"2021-12-13T15:26:56","guid":{"rendered":"https:\/\/www.praeventio-ev.de\/?page_id=3499"},"modified":"2024-03-22T12:44:51","modified_gmt":"2024-03-22T11:44:51","slug":"news-archiv","status":"publish","type":"page","link":"https:\/\/www.praeventio-ev.de\/?page_id=3499","title":{"rendered":"News-Archiv"},"content":{"rendered":"<p class=\"western\"><span style=\"font-family: Century Gothic, sans-serif;\"><small>30.06.2023:<\/small><\/span><strong><span style=\"font-family: Century Gothic, sans-serif;\"><span style=\"font-size: large;\"><br \/>\nF\u00f6rderprogramm \u201eDigitalisierung gemeinn\u00fctziger Sportorganisationen in NRW\u201c<\/span><\/span><\/strong><br \/>\n<a href=\"https:\/\/www.praeventio-ev.de\/?page_id=3718\">weiter<\/a><\/p>\n<p class=\"western\"><span style=\"font-family: Century Gothic, sans-serif;\"><small>13.12.2021:<\/small><\/span><strong><span style=\"font-family: Century Gothic, sans-serif;\"><span style=\"font-size: large;\"><br \/>\n25 Jahre Pr\u00e4ventio \u2013 Mitgliederversammlung zum Jubil\u00e4um<\/span><\/span><\/strong><br \/>\n<a href=\"https:\/\/www.praeventio-ev.de\/?page_id=3489\">weiter<\/a><\/p>\n<p class=\"western\"><span style=\"font-family: Century Gothic, sans-serif;\"><small>25.11.2021:<\/small><\/span><br \/>\n<strong><span style=\"font-family: Century Gothic, sans-serif;\"><span style=\"font-size: large;\">LZ-Artikel vom 22.11.2021<\/span><\/span><\/strong><br \/>\n<a href=\"https:\/\/www.praeventio-ev.de\/?page_id=3469\">weiter<\/a><\/p>\n<p class=\"western\"><span style=\"font-family: Century Gothic, sans-serif;\"><span style=\"font-size: large;\"><small>28.10.2021:<\/small><\/span><\/span><strong><span style=\"font-family: Century Gothic, sans-serif;\"><span style=\"font-size: large;\"><br \/>\nDer Verein Pr\u00e4ventio wird 25<\/span><\/span><\/strong><br \/>\n<a href=\"https:\/\/www.praeventio-ev.de\/?page_id=3428\">weiter<\/a><\/p>\n<p class=\"western\"><span style=\"font-family: Century Gothic, sans-serif;\"><small>08.03.2021:<\/small><\/span><strong><br \/>\nMitteilung von den Vorsitzenden Dr. Schreiber-Weber und Herrn K\u00f6ster &#8211; Update vom 08.03.2021<\/strong><br \/>\n<a href=\"http:\/\/neu.praeventio-ev.de\/?page_id=2739\">weiter<\/a><\/p>\n<p class=\"western\"><span style=\"font-family: Century Gothic, sans-serif;\"><small>18.02.2021:<\/small><\/span><strong><span style=\"font-family: Century Gothic, sans-serif;\"><small><br \/>\n<\/small><\/span><\/strong><strong>\u00dcbungsleiterin \/ \u00dcbungsleiter gesucht<\/strong><br \/>\n<a href=\"https:\/\/www.praeventio-ev.de\/?page_id=3228\">weiter<\/a><\/p>\n<p class=\"western\"><span style=\"font-family: Century Gothic, sans-serif;\"><small>29.02.2021:<\/small><\/span><strong><br \/>\nBildergalerie geplant &#8211; Was halten unsere Mitglieder davon?<\/strong><br \/>\n<a href=\"https:\/\/www.praeventio-ev.de\/?page_id=3260\">weiter<\/a><\/p>\n","protected":false},"excerpt":{"rendered":"<p>30.06.2023: F\u00f6rderprogramm \u201eDigitalisierung gemeinn\u00fctziger Sportorganisationen in NRW\u201c weiter 13.12.2021: 25 Jahre Pr\u00e4ventio \u2013 Mitgliederversammlung zum Jubil\u00e4um weiter 25.11.2021: LZ-Artikel vom 22.11.2021 weiter 28.10.2021: Der Verein Pr\u00e4ventio wird 25 weiter 08.03.2021: Mitteilung von den Vorsitzenden Dr. Schreiber-Weber und Herrn K\u00f6ster &#8211; Update vom 08.03.2021 weiter 18.02.2021: \u00dcbungsleiterin \/ \u00dcbungsleiter gesucht weiter [&hellip;]<\/p>\n","protected":false},"author":1,"featured_media":0,"parent":1541,"menu_order":1,"comment_status":"closed","ping_status":"closed","template":"","meta":{"footnotes":""},"class_list":["post-3499","page","type-page","status-publish","hentry"],"_links":{"self":[{"href":"https:\/\/www.praeventio-ev.de\/index.php?rest_route=\/wp\/v2\/pages\/3499","targetHints":{"allow":["GET"]}}],"collection":[{"href":"https:\/\/www.praeventio-ev.de\/index.php?rest_route=\/wp\/v2\/pages"}],"about":[{"href":"https:\/\/www.praeventio-ev.de\/index.php?rest_route=\/wp\/v2\/types\/page"}],"author":[{"embeddable":true,"href":"https:\/\/www.praeventio-ev.de\/index.php?rest_route=\/wp\/v2\/users\/1"}],"replies":[{"embeddable":true,"href":"https:\/\/www.praeventio-ev.de\/index.php?rest_route=%2Fwp%2Fv2%2Fcomments&post=3499"}],"version-history":[{"count":7,"href":"https:\/\/www.praeventio-ev.de\/index.php?rest_route=\/wp\/v2\/pages\/3499\/revisions"}],"predecessor-version":[{"id":3721,"href":"https:\/\/www.praeventio-ev.de\/index.php?rest_route=\/wp\/v2\/pages\/3499\/revisions\/3721"}],"up":[{"embeddable":true,"href":"https:\/\/www.praeventio-ev.de\/index.php?rest_route=\/wp\/v2\/pages\/1541"}],"wp:attachment":[{"href":"https:\/\/www.praeventio-ev.de\/index.php?rest_route=%2Fwp%2Fv2%2Fmedia&parent=3499"}],"curies":[{"name":"wp","href":"https:\/\/api.w.org\/{rel}","templated":true}]}}

<p class="western"><span style="font-family: Century Gothic, sans-serif;"><small>30.06.2023:</small></span><strong><span style="font-family: Century Gothic, sans-serif;"><span style="font-size: large;"><br />
Förderprogramm „Digitalisierung gemeinnütziger Sportorganisationen in NRW“</span></span></strong><br />
<a href="https://www.praeventio-ev.de/?page_id=3718">weiter</a></p>
<p class="western"><span style="font-family: Century Gothic, sans-serif;"><small>13.12.2021:</small></span><strong><span style="font-family: Century Gothic, sans-serif;"><span style="font-size: large;"><br />
25 Jahre Präventio – Mitgliederversammlung zum Jubiläum</span></span></strong><br />
<a href="https://www.praeventio-ev.de/?page_id=3489">weiter</a></p>
<p class="western"><span style="font-family: Century Gothic, sans-serif;"><small>25.11.2021:</small></span><br />
<strong><span style="font-family: Century Gothic, sans-serif;"><span style="font-size: large;">LZ-Artikel vom 22.11.2021</span></span></strong><br />
<a href="https://www.praeventio-ev.de/?page_id=3469">weiter</a></p>
<p class="western"><span style="font-family: Century Gothic, sans-serif;"><span style="font-size: large;"><small>28.10.2021:</small></span></span><strong><span style="font-family: Century Gothic, sans-serif;"><span style="font-size: large;"><br />
Der Verein Präventio wird 25</span></span></strong><br />
<a href="https://www.praeventio-ev.de/?page_id=3428">weiter</a></p>
<p class="western"><span style="font-family: Century Gothic, sans-serif;"><small>08.03.2021:</small></span><strong><br />
Mitteilung von den Vorsitzenden Dr. Schreiber-Weber und Herrn Köster &#8211; Update vom 08.03.2021</strong><br />
<a href="http://neu.praeventio-ev.de/?page_id=2739">weiter</a></p>
<p class="western"><span style="font-family: Century Gothic, sans-serif;"><small>18.02.2021:</small></span><strong><span style="font-family: Century Gothic, sans-serif;"><small><br />
</small></span></strong><strong>Übungsleiterin / Übungsleiter gesucht</strong><br />
<a href="https://www.praeventio-ev.de/?page_id=3228">weiter</a></p>
<p class="western"><span style="font-family: Century Gothic, sans-serif;"><small>29.02.2021:</small></span><strong><br />
Bildergalerie geplant &#8211; Was halten unsere Mitglieder davon?</strong><br />
<a href="https://www.praeventio-ev.de/?page_id=3260">weiter</a></p>

<p>30.06.2023: Förderprogramm „Digitalisierung gemeinnütziger Sportorganisationen in NRW“ weiter 13.12.2021: 25 Jahre Präventio – Mitgliederversammlung zum Jubiläum weiter 25.11.2021: LZ-Artikel vom 22.11.2021 weiter 28.10.2021: Der Verein Präventio wird 25 weiter 08.03.2021: Mitteilung von den Vorsitzenden Dr. Schreiber-Weber und Herrn Köster &#8211; Update vom 08.03.2021 weiter 18.02.2021: Übungsleiterin / Übungsleiter gesucht weiter [&hellip;]</p>
