{"id":78,"date":"2013-05-09T11:42:33","date_gmt":"2013-05-09T10:42:33","guid":{"rendered":"http:\/\/www.praeventio-ev.de\/?page_id=78"},"modified":"2025-09-05T11:15:59","modified_gmt":"2025-09-05T10:15:59","slug":"wirbelsaulengymnastik","status":"publish","type":"page","link":"https:\/\/www.praeventio-ev.de\/?page_id=78","title":{"rendered":"Wirbels\u00e4ulengymnastik"},"content":{"rendered":"<ul class=\"kurskurz\">\r\n<li><strong>Termin:<\/strong><br \/><em>Kurs 1:<\/em><br \/>donnerstags<br \/>19:30 &#8211; 20:30 Uhr<br \/><em>Kurs 2:<\/em><br \/>donnerstags<br \/>18:15 &#8211; 19:15 Uhr<\/li>\r\n<li><strong>Ort:<\/strong><br \/>Turnhalle<br \/>Heldmanstr. 45<br \/>Bad Salzuflen<\/li>\r\n<li><strong>Kosten:<\/strong><br \/>abrechnungsf\u00e4hig \u00fcber die Krankenkassen, ansonsten siehe <a title=\"Kosten &amp; Beitr\u00e4ge\" href=\"http:\/\/www.praeventio-ev.de\/?page_id=48\">Kosten<br \/><\/a><strong>Kursleitung:<\/strong><a title=\"Beate M\u00fcller\" href=\"http:\/\/www.praeventio-ev.de\/?page_id=132\"><\/a><\/li>\r\n<li><a title=\"Beate M\u00fcller\" href=\"http:\/\/www.praeventio-ev.de\/?page_id=132\"><img loading=\"lazy\" decoding=\"async\" src=\"https:\/\/www.praeventio-ev.de\/wp-content\/uploads\/2025\/04\/Mueller1-225x300.jpg\" alt=\"\" class=\"alignnone  wp-image-1606\" width=\"128\" height=\"171\" \/><br \/>Beate M\u00fcller<br \/><\/a>\u00dcbungsleiterin f\u00fcr Orthop\u00e4die und Neurologie<br \/>Tel.: 0163 \/ 142 23 65<br \/>Bitte ab 19 Uhr anrufen<\/li>\r\n<li><strong>Betreuender Arzt:<\/strong><br \/>Dr. Eckhard Schreiber-Weber<br \/>Facharzt f\u00fcr Allgemeinmedizin, Badearzt<\/li>\r\n<li><strong>Kurs 1: Abteilung: 5<\/strong>\r\n<strong>Kurs 2: Abteilung: 15<\/strong><small>\r\n(Bitte bei Anmeldung angeben)<\/small><\/li>\r\n<li><strong>Angebots-Nr.:<\/strong><br \/><em>Kurs 1:<\/em> 1039-13937<br \/><em>Kurs 2:<\/em> 1039-27384<\/li>\r\n<\/ul>\r\n<p>In dieser Sportgruppe werden die Teilnehmer von der jeweiligen \u00dcbungsleiterin angeleitet mit ihren Beschwerden anders umzugehen. Gerade bei Wirbels\u00e4ulenbeschwerden ist es wichtig, zu lernen, sich r\u00fcckengerecht zu bewegen, das bedeutet richtig zu sitzen, zu stehen und zu liegen. Einer weiteren Verschlimmerung der Beschwerden soll durch gezielte sportliche \u00dcbungen vorgebeugt werden. Dar\u00fcber hinaus wird dem Wunsch nach einer Anleitung zur Selbst\u00fcbung auch au\u00dferhalb der Gruppe entsprochen. Da kein Krankheitsbild dem anderen v\u00f6llig gleicht, werden den Betroffenen unter fachlicher Anleitung der \u00dcbungsleiterin \u00dcbungssequenzen pr\u00e4sentiert, die die individuellen M\u00f6glichkeiten der Betroffenen ber\u00fccksichtigen und somit ein Miteinander in einer Gruppe erm\u00f6glichen. Dies geschieht sowohl durch speziell angepasste \u00dcbungen wie auch durch Spiele in der Gruppe. Neben der Wiederherstellung bzw. des Erhalts der Beweglichkeit, stehen Spa\u00df an Bewegung und miteinander Sport treiben im Vordergrund.<\/p>\r\n<p>Eine Teilnahme ist jederzeit m\u00f6glich.<\/p>\r\n<h4>Anmeldung und Information:<\/h4>\r\n<p>Bei Pr\u00e4ventio\u00a0 Tel.: \u00a00 52 22\u00a0 \/ 962 965 92 w\u00e4hrend der B\u00fcrozeit mittwochs von 10 &#8211; 12 Uhr oder direkt bei den \u00dcbungsleiterinnen.<\/p>\r\n\r\n<p>&nbsp;<\/p>\r\n","protected":false},"excerpt":{"rendered":"<p>Termin:Kurs 1:donnerstags19:30 &#8211; 20:30 UhrKurs 2:donnerstags18:15 &#8211; 19:15 Uhr Ort:TurnhalleHeldmanstr. 45Bad Salzuflen Kosten:abrechnungsf\u00e4hig \u00fcber die Krankenkassen, ansonsten siehe KostenKursleitung: Beate M\u00fcller\u00dcbungsleiterin f\u00fcr Orthop\u00e4die und NeurologieTel.: 0163 \/ 142 23 65Bitte ab 19 Uhr anrufen Betreuender Arzt:Dr. Eckhard Schreiber-WeberFacharzt f\u00fcr Allgemeinmedizin, Badearzt Kurs 1: Abteilung: 5 Kurs 2: Abteilung: 15 (Bitte [&hellip;]<\/p>\n","protected":false},"author":1,"featured_media":0,"parent":6,"menu_order":10,"comment_status":"closed","ping_status":"open","template":"","meta":{"footnotes":""},"class_list":["post-78","page","type-page","status-publish","hentry"],"_links":{"self":[{"href":"https:\/\/www.praeventio-ev.de\/index.php?rest_route=\/wp\/v2\/pages\/78","targetHints":{"allow":["GET"]}}],"collection":[{"href":"https:\/\/www.praeventio-ev.de\/index.php?rest_route=\/wp\/v2\/pages"}],"about":[{"href":"https:\/\/www.praeventio-ev.de\/index.php?rest_route=\/wp\/v2\/types\/page"}],"author":[{"embeddable":true,"href":"https:\/\/www.praeventio-ev.de\/index.php?rest_route=\/wp\/v2\/users\/1"}],"replies":[{"embeddable":true,"href":"https:\/\/www.praeventio-ev.de\/index.php?rest_route=%2Fwp%2Fv2%2Fcomments&post=78"}],"version-history":[{"count":26,"href":"https:\/\/www.praeventio-ev.de\/index.php?rest_route=\/wp\/v2\/pages\/78\/revisions"}],"predecessor-version":[{"id":3916,"href":"https:\/\/www.praeventio-ev.de\/index.php?rest_route=\/wp\/v2\/pages\/78\/revisions\/3916"}],"up":[{"embeddable":true,"href":"https:\/\/www.praeventio-ev.de\/index.php?rest_route=\/wp\/v2\/pages\/6"}],"wp:attachment":[{"href":"https:\/\/www.praeventio-ev.de\/index.php?rest_route=%2Fwp%2Fv2%2Fmedia&parent=78"}],"curies":[{"name":"wp","href":"https:\/\/api.w.org\/{rel}","templated":true}]}}